se 13) to base 12.
279
Convert -2123 (base 4) to base 2.
-10011011
-1110140 (base 5) to base 9
-28567
941 (base 10) to base 6
4205
Convert -10010111100 (base 2) to base 3.
-1122220
What is -c101 (base 15) in base 5?
-2300401
What is 13265 (base 7) in base 4?
313313
What is -841 (base 16) in base 7?
-6106
1411 (base 5) to base 8
347
Convert 15216 (base 7) to base 14.
177d
What is 124402 (base 5) in base 3?
20211100
Convert 16 (base 13) to base 16.
13
691 (base 12) to base 6
4301
What is -12e (base 15) in base 13?
-179
What is -10c3 (base 15) in base 16?
-de6
What is 16357 (base 8) in base 9?
11140
-2161 (base 10) to base 11
-1695
What is a37 (base 11) in base 8?
2342
What is 5b7 (base 12) in base 7?
2335
What is 1001100110 (base 2) in base 6?
2502
4b0 (base 14) to base 6
4202
What is -427 (base 9) in base 13?
-20b
-1212121 (base 4) to base 12
-3961
-a11 (base 16) to base 4
-220101
What is 122 (base 13) in base 11?
16a
Convert -654 (base 11) to base 4.
-30101
4506 (base 14) to base 15
3827
What is -258 (base 12) in base 2?
-101100100
What is -1de0 (base 15) in base 10?
-6510
3432 (base 11) to base 10
4512
Convert -1bcb (base 16) to base 4.
-1233023
What is -110000 (base 5) in base 14?
-151c
Convert -1206 (base 10) to base 16.
-4b6
What is 1210000 (base 3) in base 12?
900
What is -1011010 (base 2) in base 5?
-330
What is -4048 (base 9) in base 11?
-2251
What is 22011 (base 4) in base 11?
537
20415 (base 8) to base 5
232321
What is a28c (base 14) in base 13?
c956
Convert -5033 (base 11) to base 9.
-10154
10443 (base 5) to base 10
748
60407 (base 8) to base 15
755e
-321241 (base 5) to base 11
-8148
What is -16041 (base 9) in base 8?
-25334
What is 75 (base 8) in base 16?
3d
1110111010101 (base 2) to base 4
1313111
What is -1802 (base 15) in base 9?
-7082
Convert 101330 (base 4) to base 10.
1148
Convert 1124124 (base 5) to base 16.
503b
-3355 (base 8) to base 14
-909
Convert -3220 (base 13) to base 5.
-210310
What is 10240 (base 5) in base 14?
379
Convert 26 (base 15) to base 4.
210
Convert 11345 (base 6) to base 8.
3161
Convert -10212212 (base 3) to base 6.
-21035
Convert -2644 (base 7) to base 5.
-13022
What is 165d (base 14) in base 10?
4003
Convert 23656 (base 8) to base 10.
10158
Convert 110100110101101 (base 2) to base 13.
c410
6427 (base 10) to base 14
24b1
Convert -45c (base 14) to base 10.
-866
Convert -34 (base 15) to base 10.
-49
Convert -a10 (base 12) to base 13.
-879
What is -a95 (base 16) in base 11?
-2043
What is -85 (base 13) in base 5?
-414
c74 (base 13) to base 16
84b
Convert 124610 (base 7) to base 8.
55362
88 (base 13) to base 6
304
Convert -1005 (base 12) to base 11.
-1336
What is 21451 (base 9) in base 6?
145501
4147 (base 8) to base 16
867
What is -15 (base 11) in base 2?
-10000
What is -9629 (base 10) in base 3?
-111012122
What is 112 (base 16) in base 5?
2044
Convert 14 (base 7) to base 3.
102
Convert -333032 (base 4) to base 11.
-3049
-3673 (base 9) to base 3
-10202110
bbd (base 14) to base 10
2323
What is 8425 (base 11) in base 12?
655b
d83 (base 14) to base 15
bc8
-222102022 (base 3) to base 4
-10230323
What is 28602 (base 9) in base 8?
45762
Convert -15 (base 14) to base 11.
-18
14272 (base 8) to base 14
2442
-136 (base 11) to base 8
-240
-26583 (base 10) to base 15
-7d23
Convert -13021033 (base 4) to base 9.
-44124
Convert -529d (base 16) to base 10.
-21149
What is -2121 (base 5) in base 8?
-436
What is -2378 (base 11) in base 16?
-c26
Convert 3152 (base 7) to base 9.
1468
-b4a (base 14) to base 4
-202232
-10630 (base 7) to base 10
-2716
-11a54 (base 13) to base 2
-111111100000101
332321 (base 4) to base 13
1aa8
Convert -c79 (base 13) to base 4.
-201100
What is 31b (base 15) in base 13?
41c
-2c3 (base 14) to base 10
-563
-103144 (base 6) to base 9
-12571
6040 (base 7) to base 8
4046
-21110 (base 4) to base 10
-596
What is -89 (base 13) in base 9?
-135
Convert 62a (base 12) to base 7.
2422
Convert -401 (base 13) to base 10.
-677
What is -16421 (base 7) in base 5?
-122140
471 (base 16) to base 9
1503
101111101100 (base 2) to base 15
d87
Convert -149bd (base 14) to base 16.
-c87b
Convert -70 (base 9) to base 14.
-47
Convert 2112 (base 4) to base 5.
1100
Convert 1101010 (base 2) to base 15.
71
What is -81356 (base 9) in base 12?
-26b73
What is 9b59 (base 12) in base 11?
11a21
2373 (base 13) to base 12
2a83
Convert -931 (base 10) to base 15.
-421
What is -11011 (base 2) in base 10?
-27
Convert 1010032 (base 5) to base 3.
211022111
What is a0 (base 13) in base 12?
aa
What is -17 (base 13) in base 4?
-110
Convert 11465 (base 8) to base 4.
1030311
ad5 (base 14) to base 15
982
What is 22112 (base 3) in base 8?
346
Convert 511 (base 10) to base 14.
287
4438 (base 10) to base 7
15640
10140024 (base 5) to base 9
136811
What is -61106 (base 10) in base 4?
-32322302
Convert 33110 (base 6) to base 15.
1553
What is 10110001001011 (base 2) in base 4?
2301023
What is 1110111001101 (base 2) in base 12?
44b9
5873 (base 9) to base 7
15465
-8007 (base 9) to base 8
-13317
What is -10111211 (base 3) in base 13?
-121c
75 (base 11) to base 15
57
-11110100 (base 3) to base 7
-12321
Convert -402 (base 13) to base 10.
-678
-120010012 (base 3) to base 11
-830a
-2a89 (base 15) to base 16
-23a9
Convert -774 (base 14) to base 9.
-2017
-1463 (base 15) to base 4
-1010100
501105 (base 6) to base 3
1222200112
-1111101111111 (base 2) to base 6
-101155
What is 1011001100001 (base 2) in base 16?
1661
Convert -21222202 (base 3) to base 13.
-2861
7057 (base 14) to base 7
110140
-22aa3 (base 11) to base 13
-121b0
What is -3256 (base 9) in base 6?
-15040
-4110 (base 5) to base 9
-648
Convert -1632 (base 7) to base 10.
-660
Convert 18015 (base 12) to base 15.
a3a2
What is 5536 (base 11) in base 8?
16203
11753 (base 8) to base 3
20222212
What is 334214 (base 5) in base 16?
2e21
What is -682 (base 9) in base 2?
-1000110000
1962 (base 14) to base 6
33134
What is -146 (base 15) in base 14?
-16b
What is -92a8 (base 11) in base 7?
-50655
3ec (base 15) to base 3
1020020
What is 12834 (base 11) in base 6?
220432
-1c3b (base 14) to base 15
-17d4
Convert 497 (base 15) to base 8.
2022
-252 (base 15) to base 2
-1000001111
What is -511 (base 11) in base 9?
-755
What is -34337 (base 8) in base 15?
-44a9
Convert 4 (base 11) to base 12.
4
Convert 1110 (base 4) to base 11.
77
What is -2a574 (base 11) in base 12?
-21066
46463 (base 9) to base 11
21321
Convert 4155 (base 7) to base 11.
1109
Convert 20201022 (base 3) to base 11.
3750
Convert 201220122 (base 3) to base 5.
431031
-20a88 (base 11) to base 3
-1112221220
-2010133 (base 4) to base 8
-20437
Convert -1001101110000 (base 2) to base 15.
-171b
What is 72163 (base 9) in base 11?
32783
What is -503 (base 8) in base 3?
-102222
What is -ce0 (base 15) in base 7?
-11325
245532 (base 7) to base 9
68003
11100 (base 4) to base 5
2321
Convert 12423 (base 8) to base 11.
4065
Convert -421 (base 11) to base 13.
-300
Convert 12122000 (base 3) to base 13.
1b39
What is -31516 (base 9) in base 10?
-20832
1006 (base 7) to base 6
1341
Convert -134 (base 10) to base 14.
-98
-2939 (base 10) to base 8
-5573
1443301 (base 5) to base 2
111100101100100
What is -307 (base 9) in base 14?
-13c
What is 622 (base 13) in base 8?
2022
Convert 3240 (base 6) to base 14.
3b2
6705 (base 9) to base 16
1352
Convert 354 (base 8) to base 11.
1a5
Convert -cb0 (base 13) to base 3.
-2222102
What is -10132 (base 12) in base 16?
-51b6
Convert -598 (base 14) to base 12.
-78a
What is -1110 (base 9) in base 13?
-4b0
What is -296 (base 16) in base 15?
-2e2
5362 (base 7) to base 9
2547
-3260 (base 7) to base 6
-5225
Convert -1ed (base 15) to base 7.
-1210
-6113 (base 12) to base 13
-4a3a
What is -353330 (base 7) in base 13?
-22c61
What is 32443 (base 6) in base 9?
6140
1073 (base 16) to base 14
176b
Convert -6a (base 15) to base 14.
-72
What is 10332 (base 6) in base 2?
10110010000
-431231 (base 6) to base 8
-104743
What is 5734 (base 9) in base 11?
3208
1126 (base 9) to base 14
438
142105 (base 6) to base 10
13433
What is 1233 (base 15) in base 4?
330201
11010000111001 (base 2) to base 8
32071
-111101010 (base 2) to base 14
-270
Convert 341 (base 15) to base 8.
1340
-1101101001001 (base 2) to base 4
-1231021
-1425 (base 11) to base 9
-2466
Convert -10010010100 (base 2) t